er when 340 is divided by h?
36
Let g(y) = 378*y + 4864. What is the remainder when g(-12) is divided by 235?
93
Let h(o) = 11*o**2 + 91*o + 345. What is the remainder when h(-5) is divided by 6?
3
Suppose 0 = 3*a + 165 - 588. Let k be 82/(-4) + -3 - (-2)/4. Let i(l) = -l**3 - 22*l**2 + 22*l + 6. What is the remainder when a is divided by i(k)?
25
Let n(m) = -114*m - 439. What is the remainder when 185 is divided by n(-4)?
15
Let z(f) = -f - 17. Let c be z(-17). Let g(s) = 2*s**2 - 2*s + 83. What is the remainder when g(c) is divided by 21?
20
Suppose -21 - 79 = 4*j. Let t = -13 - j. Suppose -10*d + t*d - 60 = 0. Calculate the remainder when d is divided by 17.
13
Suppose j - 3 = -k, -j - 3*k + 4 = j. Suppose 0 = j*q - q - 88. Let c = 7233 - 7124. What is the remainder when c is divided by q?
21
Suppose -2*s + 2559 = -3444 + 1471. What is the remainder when s is divided by 9?
7
Let k be ((-10)/30)/((-3)/(-117)) - 3. What is the remainder when 2*48 + (0 - 1) is divided by -12*k/14 - 126/(-441)?
11
Suppose -4*s - 12 = -8*s. Suppose 4*v = 5*z + 78, z = s*v - 2*z - 57. Let a = -85 + 129. Calculate the remainder when a is divided by v.
10
Let c(z) = -2*z. Suppose 0 = 11*w - 30 + 85. What is the remainder when 33 is divided by c(w)?
3
Let q(w) = -12*w. Let p be q(3). Suppose 8*n + 4*n = 120. Let x = n - p. Calculate the remainder when x is divided by 13.
7
Suppose 5*a - 49 = -9. Let o = 1 + a. What is the remainder when (9/(630/40))/(-2) + 200/14 is divided by o?
5
Let i = -416 - -377. Calculate the remainder when 345 is divided by (91/i)/((-2)/60).
65
Let j = 17033 - 17014. Calculate the remainder when j is divided by (6/4)/((-6)/(-20)).
4
Let g = 18 + -12. Suppose -4*z + 76 = -5*y, -2*y - 10 = -2. Let w = z - 5. What is the remainder when w is divided by g?
3
Suppose 4*i + 67 = 5*i. Suppose -2*c + i = -321. Let d(a) = -156*a + 1419. Calculate the remainder when c is divided by d(9).
14
Suppose -5481 - 6562 = -4*b - 5*v, -v = 5*b - 15101. Calculate the remainder when b is divided by 112.
110
Suppose 4*p - 233 - 455 = 0. Let x(l) = -8*l - 21. What is the remainder when p is divided by x(-7)?
32
Let u(x) be the first derivative of -x**4/4 + 8*x**3/3 + 5*x**2 - 6*x - 1. Let w be u(9). Calculate the remainder when (-7 + 3)*6*w/(-4) is divided by 5.
3
Suppose 6*m - 23 = 2*m - n, m + 2*n + 3 = 0. Calculate the remainder when (2 + 4)*(-33)/(792/(-160)) is divided by m.
5
Let v(s) = -158*s - 143. What is the remainder when v(-5) is divided by 161?
3
Suppose -768*q + 770*q - 64 = -2*j, 0 = 2*q + 4*j - 78. Let b = 413 - 243. Calculate the remainder when b is divided by q.
20
Let i = -20682 - -20724. What is the remainder when 1959 is divided by i?
27
Let m = -655 - -676. Calculate the remainder when 136 is divided by m.
10
Suppose -58 = 103*n - 101*n. Let q = -12 - n. Calculate the remainder when (-3)/(3/2) + 50 is divided by q.
14
Let j be 32/(4 + 4) - -7. Suppose -4*u + 116 = d, 10*d = 5*u + j*d - 145. Suppose 5*k - 213 = 52. Calculate the remainder when k is divided by u.
24
Suppose 15539 - 3048 = 96*o - 10261. Calculate the remainder when o is divided by 33.
6
Suppose -4*z + 19 = -3*h, -5*h + 13 + 2 = 5*z. Let g be -2 - -4 - (2 + -1)/h. Suppose 4*m - 17 = g. What is the remainder when 13 is divided by m?
3
Let k = 80 + -73. Suppose -4*m - k = -11*m. What is the remainder when 1 + m - 80/(-3 + 2) is divided by 12?
10
Let q = -180 - -146. Let c = 26 - q. What is the remainder when c is divided by 16?
12
Suppose -4*m = -30 + 22. Suppose 2*p + t = -2*p + 6, -t = m. Calculate the remainder when (-2652)/(-20) + p/5 is divided by 27.
25
Suppose 0 = -19*b + 35*b - 1968. Calculate the remainder when b is divided by 5.
3
Suppose a - 2*t - 239 = 0, 4*a = -690*t + 685*t + 943. Calculate the remainder when 794 is divided by a.
83
Let m = -17 + 18. Suppose -3*n - 60 = 3*f, -2*n - 60 = 3*f + m. Calculate the remainder when (14/f)/(2/(-111)) is divided by 13.
11
Let t(j) = 33*j**2 + j. Let i be t(-2). Suppose -7*x - i = -725. What is the remainder when x is divided by 45?
40
Suppose -14*m = -15 + 1. What is the remainder when 169 is divided by 29 - (m - 3 - 1)?
9
Suppose 29 = 9*n + 2. Suppose -4*t = n*g - 132, -5*t = -2*t - g - 99. What is the remainder when t is divided by 5?
3
Let c = -11423 - -12413. What is the remainder when 998 is divided by c?
8
Let m(f) = f**2 + 32*f - 525. What is the remainder when 668 is divided by m(12)?
2
Let b be (5 + 774/(-24))/((-7)/(-140)). Let j = b - -567. What is the remainder when 329 is divided by j?
21
Let o = 766 - 741. What is the remainder when 747 is divided by o?
22
Let c(m) = m**2 - 1 + 33*m**3 + 30*m - 56*m + 27*m. What is the remainder when (54/36)/((-6)/(-800)) is divided by c(1)?
30
Let j(m) = m**3 - 14*m**2 - 61*m + 702. What is the remainder when 189 is divided by j(15)?
9
Let y = 18 + -13. Let h = 6 + y. Calculate the remainder when 31 is divided by h.
9
Let x(b) = -b**3 - 4*b**2 - b + 4. Let a be x(2). Let f(i) = -i**2 - 27*i - 29. Let h = 53 - 31. Calculate the remainder when f(a) is divided by h.
15
Suppose -17*p = -12*p - 55. Let z = 271 + -186. What is the remainder when z is divided by p*2 - 0/(-24)?
19
Suppose -m = -4*n + 47, 0 = -5*n + 3*n - 4*m + 28. Suppose 0 = 3*g - 3*w - n, g - 2*w - 3 = 3. What is the remainder when 29 is divided by 3 + (-5 - 3)/g - -5?
1
Suppose -361 = 9*y - 10*y + 5*i, 5*y + 4*i = 1979. What is the remainder when 793 is divided by y?
11
Let r(k) = -72*k + 40. Let v be r(-2). Suppose -10*i = -14*i + v. Calculate the remainder when i is divided by 27.
19
Let t(v) = 96*v - 5. Let p be t(1). Suppose 4*i - h - p = 74, -3*i + 135 = -3*h. What is the remainder when i is divided by 15?
10
Suppose 0 = 4*c + 4, -16*l - 2*c - 32 = -22*l. Calculate the remainder when 610 is divided by l.
0
What is the remainder when ((931/14)/(-19) - -3)/(1/(-634)) is divided by 53?
52
Let p(v) = 10*v**2 + 162*v - 481. Calculate the remainder when 662 is divided by p(3).
92
Let k(u) = -u**3 - 6*u**2 - 7*u - 8. Let a be k(-5). What is the remainder when 10*(462/60 - a/10) is divided by 20?
15
Let w be 8 - (13 + -6 + 1*-3). Suppose -4*t + l + 69 = 0, l = -5*t + w*l + 88. Calculate the remainder when 297/6 - 2/(-4) is divided by t.
16
Let z be 1 - -56*1 - (-2 + 5). Suppose z*a + 468 = 58*a. What is the remainder when a is divided by 10?
7
Let m be 15/(105/(-28)) + (0 - 3). Let z(s) = 2*s**2 + 8*s - 14. What is the remainder when 107 is divided by z(m)?
23
Let x = -4153 - -4250. What is the remainder when x is divided by 13?
6
Suppose 2*w + 132 = f, -28*f + 24*f + 2*w = -540. Calculate the remainder when f is divided by 33.
4
Calculate the remainder when 6 + (-15)/((-5)/(-1020)*-2) is divided by 53.
52
Let s be (-1 - (-6)/2)*215. Suppose -5*q - 5*a = -s, -3*q + 61 + 193 = 2*a. Let h = 81 - 60. Calculate the remainder when q is divided by h.
19
Suppose 28332 - 7320 = 102*d. What is the remainder when 387 is divided by d?
181
Suppose -g + 61 - 1 = -3*y, g = 0. Let w be y/(-8)*4/5 - 2. Suppose -b - 5*d = -109, b - 4*b + 4*d + 251 = w. What is the remainder when b is divided by 25?
14
Let r = 12291 - 7386. Suppose 32*l - r = 17*l. What is the remainder when l is divided by 30?
27
Suppose 10*d - 164 = -4*i, 0 = 5*i - 5*d - 148 + 13. Calculate the remainder when 35 is divided by i.
4
Suppose -5*n + 3*w = -188, 3*n + w = -16 + 140. Suppose 3*a + 0*a = 324. Suppose -k + 5*i + a = 3*k, -k + i = -26. What is the remainder when n is divided by k?
18
Let y = 106 - 76. Suppose 4*t + 20 = m, 2*m + 2*t - y = -0*t. Calculate the remainder when m is divided by 6.
4
Let i = 11418 + -11368. Calculate the remainder when 736 is divided by i.
36
Let z be 2 - 6*88/12. Let x = z + 75. Suppose -4*b + 15 = -4*a - x, -3*b - 2*a + 61 = 0. What is the remainder when 46 is divided by b?
12
Let s = 50 + -14. Suppose -f - 20 = 3*f, d = 3*f + 2. Calculate the remainder when s is divided by (3 + -1)/(d/(-65)).
6
Suppose 2*y - 24 = 98. Let n = y + -29. Suppose u + n = l, -4*l - u = -3*u - 120. What is the remainder when l is divided by 10?
8
Let x = 25 + -39. Let m be (1*-1)/(x/70). Suppose -5*z = m*u - 825, -5 = z - 3. Calculate the remainder when u is divided by 42.
41
Let b be (3824/11)/2 - 150/(-825). Let r = b - -73. What is the remainder when